p = 2*a + 10. Let n be (-9)/(-3) + a - -3. Let h(q) = -2*q**2 + q + 2. What is h(n)?
-8
Let l(x) = x**3 + 3*x**2 - 7*x - 6. Let c(i) be the third derivative of i**4/12 + 5*i**3/3 + 3*i**2. Let v be c(-7). Calculate l(v).
6
Let p be (-1 - -1) + 0 + 9. Let j(t) = -11*t + 17*t + 6 - p*t. Let f(o) = -o + 8. Let d be f(4). Determine j(d).
-6
Let o(a) be the third derivative of a**4/24 - 2*a**3/3 - 3*a**2. Let w be ((-6)/(-2) - 6) + 3. Calculate o(w).
-4
Let t(r) be the third derivative of -r**4/24 - 2*r**3/3 + 6*r**2. Suppose 0 = 2*a + a + 18. What is t(a)?
2
Let u(p) = p + 7. Let r be (6/4)/((-5)/(-10)). Suppose -21 + 9 = r*q. Give u(q).
3
Suppose -10 = -7*u + 5*u. Let g(f) be the first derivative of -f**3/2 + 3*f**2 + 2*f + 2. Let t(s) be the first derivative of g(s). Calculate t(u).
-9
Let r be 3 - -3 - (3 - 1). Suppose -r*t - 5 + 1 = 0. Let m(l) = -l - 13. Let c(k) = -3. Let h(b) = 9*c(b) - 2*m(b). What is h(t)?
-3
Let j(x) = -x**3 - 2*x**2 + 3*x + 1. Let b be j(-3). Let u(a) be the first derivative of -2*a**2 + b + 1/3*a**3 - 3*a. Calculate u(5).
2
Let r = -2 + -2. Let t be -1 + (-3)/(6/r). Let k(i) = -4*i**3 - 6 + 4*i**3 + 7 - 3*i**3 - i. What is k(t)?
-3
Let r(u) = -u + 11. Suppose 0*f + 3 = 2*f + a, a = f - 6. Suppose 0 = -2*g - f + 5. Let b be 6 + g/2*-2. Give r(b).
6
Let i(r) = 2*r - 8. Let j be i(5). Let a(n) = n**2 + 2*n - 3. Let z(s) = -5*s**2 - 8*s + 13. Let d(b) = 18*a(b) + 4*z(b). What is d(j)?
-2
Let h(c) = c + 5. Suppose -2*k + 12 - 2 = 0. Give h(k).
10
Let g(s) = -2*s**3 + 4*s**2 - 2*s. Let t = 111 - 109. Calculate g(t).
-4
Let i(d) = 0 - 2 + 8*d - 2*d + 4*d. Calculate i(3).
28
Suppose -4*c + 0*p = 5*p - 36, -2*c = -3*p - 18. Suppose -f + 2*q + c = 0, 0 = -3*f + 5*q + 10 + 13. Let n(m) = m**3. Calculate n(f).
1
Let z(b) be the first derivative of b**5/20 - b**4/4 - b**3/3 + 3*b**2/2 - 2*b - 5. Let x(a) be the first derivative of z(a). Determine x(3).
-3
Let a(x) = -8*x**2 + 4*x - 1. Let r(o) = 7*o**2 - 3*o + 1. Let j(f) = -3*a(f) - 4*r(f). Calculate j(-1).
-5
Let q(f) = f + 1. Suppose 4*w + x = -31, -4*w - 4*x - x = 43. Calculate q(w).
-6
Let t(s) = 2*s**2 - 4*s - 3. Let y(l) = 1. Let c(u) = t(u) + 4*y(u). Let d(w) = -4*w**2 + 9*w - 1. Let j(f) = -5*c(f) - 2*d(f). Calculate j(3).
-15
Let t be (4/(-10))/((-1)/(-10)). Let w = t + 4. Let u(x) = w + 0 + x**2 + 2*x - 1. Calculate u(-2).
-1
Let o(c) = -2*c**2 + 9*c - 4. Let i be o(6). Let z be 4/i - (-57)/11. Suppose v + 2*s + 7 + 4 = 0, -2*v - 27 = z*s. Let r(w) = 4*w**2 + 2*w + 1. Give r(v).
3
Let g(k) = k**2 - k. Let o = 1 + 1. Suppose 7*n - o*n = 0. Determine g(n).
0
Let l = 7 - 6. Let b(y) = -4*y**3 - 9*y**2 - 3*y - 5. Let z(o) = o**3 + o**2. Let j(t) = l*b(t) + 5*z(t). Let k be (-3)/((-6)/5)*2. Determine j(k).
5
Let x(y) be the second derivative of -y**4/12 - 5*y**3/6 - y**2/2 - y. Let j(t) = -t**2 - 4*t - 1. Let o(c) = 7*j(c) - 6*x(c). Determine o(2).
-1
Let s(v) = v + 6. Let i be 0*(-2 + 10/4). What is s(i)?
6
Let c(h) = h**3 - 6*h**2 - 3*h + 8. Suppose -2*m = -22 - 8. Suppose 0 = -10*b + m*b - 30. Give c(b).
-10
Suppose -18 + 18 = 5*g. Let o(q) = q - 3. Determine o(g).
-3
Let r(k) = 3*k**2 + 2*k - 7. Let m be 9/(-3 + 6/4). Let c(g) = 1. Let n(t) = m*c(t) - r(t). Give n(1).
-4
Let w(f) = -f - 13. Suppose 2*q - 4*v = -12, 0 = 5*q + v + 4*v - 15. What is w(q)?
-13
Suppose -2 - 8 = -5*s. Let g(c) = c**3 + c**2 - c - 2. Give g(s).
8
Let p(h) = -2 + 0*h - h**2 + 2*h + 6. Suppose n - 14 + 10 = 0. Determine p(n).
-4
Let o(q) be the second derivative of q**5/20 + q**3/3 - 3*q**2/2 + q - 24. Determine o(2).
9
Let b(s) = s + 7. Suppose 4*t = -3*t. Determine b(t).
7
Let n(f) = -f**3 - 6*f**2 - 3. Let y(t) = 2*t**3 + 13*t**2 + 7. Suppose 2*v + 6 = -2. Let x(m) = v*y(m) - 9*n(m). Give x(2).
15
Suppose -a - 7 = 5*b, 0 = 2*a - 7*a - b + 13. Let s(v) = 2 - v**a + v**2 + v - 2 + 1. Suppose -7 = -7*k + 14*k. What is s(k)?
2
Let k(z) = 4*z - 1. Let v(r) = 5*r - 2. Let i(o) = -3*k(o) + 2*v(o). Let f(w) = -3*w + 58. Let m be f(18). Give i(m).
-9
Let n(w) be the first derivative of -33*w**2/2 - w - 58. Determine n(-1).
32
Let g(h) = h**2 + 24*h - 3. Let p be g(-24). Let z(o) = o**2 + 5*o + 1. Determine z(p).
-5
Let x(l) be the third derivative of l**4/24 + 4*l**2. Give x(1).
1
Let g(k) = 0 + 0*k + 9*k**2 - k + k**3 - 1 - 8*k**2. Determine g(-2).
-3
Let w = 43 + -21. Suppose 5*i - w = -2*d, 0*i = -2*i + 3*d + 5. Let g(b) = 3*b - 3. Let n(j) = 15*j - 14. Let q(a) = 11*g(a) - 2*n(a). Determine q(i).
7
Suppose -1 + 5 = 2*n. Suppose 0 = -3*h - n*l + 15 - 4, l = -h + 3. Let j(q) = -q**3 + 6*q**2 - 7*q + 5. Determine j(h).
-5
Suppose 0 = 2*x + x. Let p = x + -1. Let b(d) = -5*d**2 + d. Determine b(p).
-6
Suppose -3*c + 8 = 2. Suppose -m + c*x - 13 = 0, -23 = -m + 4*m - 2*x. Let b(l) = -l**2 - 5*l - 5. Calculate b(m).
-5
Suppose -4*w = w. Suppose 5*n + 34 - 9 = w. Let q(i) = i + 4. Give q(n).
-1
Let t(g) = -g**3 - g**2 + g + 7. Suppose 0 = -7*s + 9*s. Give t(s).
7
Suppose 5*q - 31 = 2*f, 24 = -3*f - q + 4*q. Let h(b) be the first derivative of -4*b + 2*b**2 + 3 + 1/3*b**3. Calculate h(f).
-7
Let i(j) = j**3 + 3*j**2 - 4*j - 6. Let x be 1 + -1 + (0 - 0). Let w = -4 - x. Calculate i(w).
-6
Suppose -2*a + 2*l + l = -1, 4*l + 4 = 0. Let b(w) = -13*w**3 - 2*w**2 - w. Determine b(a).
12
Let a(q) be the third derivative of q**4/24 + q**3 + 2*q**2. Let p be a(-6). Let i(b) = -b**2 - b. Give i(p).
0
Let l = -1 - 4. Let r be (12/6)/((-2)/(-3)). Let s(o) = -5*o**3 + 2*o**3 + 6*o**2 + 6*o + 7*o**3 + 7 - r*o**3. What is s(l)?
2
Let n(l) = -4 + 4 - 14*l + 16*l. Calculate n(-4).
-8
Let u(c) = -2*c**2 - 9*c + 2. Let x(t) = -t**2 - 9*t. Let n(h) = -2*u(h) + 3*x(h). Let g = 18 - 9. What is n(g)?
-4
Let q(b) = 2*b. Suppose 1 = a - r, 0 = -r - 3 + 1. Calculate q(a).
-2
Let c(z) = -1 - z + 0 - 2. Give c(3).
-6
Suppose 8*r = -20 - 20. Let x(z) = 2*z**2 + 4. Let d(l) = l**2 - l + 5. Let q(b) = 3*d(b) - 2*x(b). Determine q(r).
-3
Let p(c) = -c. Let z be p(4). Let s(k) = -k**3 - 3*k**2 + 2*k + 2. What is s(z)?
10
Let f(k) be the second derivative of -k**8/6720 + k**7/504 - k**6/360 + k**5/24 - k**4/6 - 3*k. Let c(d) be the third derivative of f(d). Give c(5).
-5
Let f(s) = -7*s. Let w(d) = 20*d. Let q(j) = -14*f(j) - 5*w(j). Let a be 4/2 + (0 - (-3)/3). Determine q(a).
-6
Suppose 4*m - 31 = 3*w, 8*w - 24 = -4*m + 4*w. Suppose -4*o + 4 = 5*j, -j + 9 = -3*o - m. Let f(y) = 2*y - 6. Determine f(j).
2
Let j(f) = f**3 - f + 1. Let o(a) = 3*a**3 + a**2 - 3*a + 1. Let c = 7 + -6. Let t(b) = c*o(b) - 2*j(b). Give t(0).
-1
Let b = 2 + 0. Suppose -5*r = 15, 3*c - b*r = -9 - 0. Let l(j) = -j**3 - 6*j**2 - 5*j - 6. Calculate l(c).
-6
Let y(x) be the third derivative of 0*x**5 - 1/120*x**6 + 5/6*x**3 + 0*x**4 + 0*x + 5*x**2 + 0. Give y(0).
5
Let q(t) = t**3 - 6*t**2 - 9*t + 9. Let z be q(7). Let l(x) be the third derivative of x**6/120 + x**5/10 + x**4/6 - x**3 + 2*x**2. What is l(z)?
-1
Let b(v) be the first derivative of -v**6/360 + v**5/24 - v**4/12 + v**3 + 2. Let g(z) be the third derivative of b(z). Calculate g(5).
-2
Suppose b = c + 4*c - 8, -3*b - 5*c + 16 = 0. Let k(i) = 3*i**2 - 3*i + 2. What is k(b)?
8
Let h(d) = -d**2 - 6*d - 4. Let t = -14 + 14. Suppose t*z - 26 = 4*z + 2*m, 0 = 3*z - 2*m + 9. Determine h(z).
1
Suppose -4*c - 5 = 11. Let o(a) = -3*a. Let j(x) = 13*x + 1. Let w(d) = -2*j(d) - 9*o(d). Determine w(c).
-6
Let y(j) be the second derivative of j**3/3 + 3*j**2/2 + j. Let u = -14 + 11. Let g be y(u). Let p(v) = v**2 + v - 3. Give p(g).
3
Let f(z) = z + 6. Let v(t) = -t - 2. Let u be v(-6). Let i(m) = m**2 - 3*m. Let l be i(u). Suppose l*x + 25 - 5 = 0. Calculate f(x).
1
Let r(f) = 4*f**2 - 3 + 2*f**2 + f**3 - 2*f**2. Suppose 0 = -t - 3*y - 10, 7*t = 5*t + 4*y. Give r(t).
-3
Let f(k) = -8*k + 11. Let z(h) = -7*h + 10. Let b(r) = -6*f(r) + 7*z(r). What is b(8)?
-4
Let t(j) = -4*j + 2. Let x(s) = 2*s**2 + 4*s + 2. Let n be x(-3). Suppose o + 6 = n. Give t(o).
-6
Let k(c) = -c - 8. Let z = 98 + -104. Determine k(z).
-2
Let n = -4 - -7. Let u(z) = z - 3. Let m be u(n). Let f(k) be the second derivative of -k**5/20 - k**3/6 - k**2/2 + 3*k. Give f(m).
-1
Let z(b) = -b**3 - 12*b**2 + 5. Let n be z(-12). Let a(d) = -d**3 + 4*d**2 + 6*d. Give a(n).
5
Let a(p) = -3*p**2 - 7*p - 1. Let w(f) = 7*f**2 + 14*f + 1. Let t(u) = 5*a(u) 